{"id":44,"date":"2025-12-14T19:57:35","date_gmt":"2025-12-14T19:57:35","guid":{"rendered":"https:\/\/emocjetraumacialo.pl\/?page_id=44"},"modified":"2025-12-14T20:14:42","modified_gmt":"2025-12-14T20:14:42","slug":"terapia-traumy","status":"publish","type":"page","link":"http:\/\/emocjetraumacialo.pl\/index.php\/terapia-traumy\/","title":{"rendered":"Terapia Traumy"},"content":{"rendered":"\t\t<div data-elementor-type=\"wp-page\" data-elementor-id=\"44\" class=\"elementor elementor-44\">\n\t\t\t\t<div class=\"elementor-element elementor-element-99d8b6a e-flex e-con-boxed e-con e-parent\" data-id=\"99d8b6a\" data-element_type=\"container\">\n\t\t\t\t\t<div class=\"e-con-inner\">\n\t\t\t\t<div class=\"elementor-element elementor-element-a20e0f9 elementor-widget elementor-widget-heading\" data-id=\"a20e0f9\" data-element_type=\"widget\" data-widget_type=\"heading.default\">\n\t\t\t\t\t<h2 class=\"elementor-heading-title elementor-size-default\">Terapia Traumy<\/h2>\t\t\t\t<\/div>\n\t\t\t\t\t<\/div>\n\t\t\t\t<\/div>\n\t\t<div class=\"elementor-element elementor-element-c9cb8b3 e-flex e-con-boxed e-con e-parent\" data-id=\"c9cb8b3\" data-element_type=\"container\">\n\t\t\t\t\t<div class=\"e-con-inner\">\n\t\t\t\t<div class=\"elementor-element elementor-element-284926a elementor-widget-divider--view-line elementor-widget elementor-widget-divider\" data-id=\"284926a\" data-element_type=\"widget\" data-widget_type=\"divider.default\">\n\t\t\t\t\t\t\t<div class=\"elementor-divider\">\n\t\t\t<span class=\"elementor-divider-separator\">\n\t\t\t\t\t\t<\/span>\n\t\t<\/div>\n\t\t\t\t\t\t<\/div>\n\t\t\t\t\t<\/div>\n\t\t\t\t<\/div>\n\t\t<div class=\"elementor-element elementor-element-6d9ce00 e-flex e-con-boxed e-con e-parent\" data-id=\"6d9ce00\" data-element_type=\"container\">\n\t\t\t\t\t<div class=\"e-con-inner\">\n\t\t\t\t<div class=\"elementor-element elementor-element-3f085f1 elementor-widget elementor-widget-text-editor\" data-id=\"3f085f1\" data-element_type=\"widget\" data-widget_type=\"text-editor.default\">\n\t\t\t\t\t\t\t\t\t<p>Trauma mo\u017ce by\u0107 rozumiana jako wszystko to, co ma trwa\u0142y negatywny wp\u0142yw (\u015bwiadomy lub nie\u015bwiadomy), na nasz umys\u0142 lub cia\u0142o. Korzenie traumy czasem si\u0119gaj\u0105 bardzo g\u0142\u0119boko. Niestety nie mo\u017cemy zmieni\u0107 przesz\u0142o\u015bci, ale mo\u017cemy zmieni\u0107 nasz\u0105 percepcj\u0119 i to jak przesz\u0142o\u015b\u0107 wp\u0142ywa na nas obecnie.<\/p>\t\t\t\t\t\t\t\t<\/div>\n\t\t\t\t\t<\/div>\n\t\t\t\t<\/div>\n\t\t<div class=\"elementor-element elementor-element-0eea8b5 e-flex e-con-boxed e-con e-parent\" data-id=\"0eea8b5\" data-element_type=\"container\">\n\t\t\t\t\t<div class=\"e-con-inner\">\n\t\t<div class=\"elementor-element elementor-element-54f64ae e-con-full e-flex e-con e-child\" data-id=\"54f64ae\" data-element_type=\"container\">\n\t\t\t\t<div class=\"elementor-element elementor-element-38e73f4 elementor-widget elementor-widget-image\" data-id=\"38e73f4\" data-element_type=\"widget\" data-widget_type=\"image.default\">\n\t\t\t\t\t\t\t\t\t\t\t\t\t\t\t<img decoding=\"async\" src=\"https:\/\/emocjetraumacialo.pl\/wp-content\/plugins\/elementor\/assets\/images\/placeholder.png\" title=\"\" alt=\"\" loading=\"lazy\" \/>\t\t\t\t\t\t\t\t\t\t\t\t\t\t\t<\/div>\n\t\t\t\t<\/div>\n\t\t<div class=\"elementor-element elementor-element-6cd2614 e-con-full e-flex e-con e-child\" data-id=\"6cd2614\" data-element_type=\"container\">\n\t\t\t\t<div class=\"elementor-element elementor-element-91c71e7 elementor-widget elementor-widget-text-editor\" data-id=\"91c71e7\" data-element_type=\"widget\" data-widget_type=\"text-editor.default\">\n\t\t\t\t\t\t\t\t\t<h4>SOMATIC EXPERIENCING\u00ae<\/h4><p><strong>Trzyletni kurs SOMATIC EXPERIENCING\u00ae w Szkole Terapii Psychosomatycznej<\/strong><br \/><strong style=\"letter-spacing: 0px;\">Certyfikat Nr. EASE PLITP20012 Somatic Experiencing Practitioner (SEP)<\/strong><br \/><strong><span style=\"letter-spacing: 0px;\">Nauczycielki : Anne Janzen, Ursula Funke-Kaiser, Pedro Prado\u00a0<\/span><\/strong><\/p><p><span style=\"letter-spacing: 0px;\">Somatic Experiencing\u00ae (SE) jest skuteczn\u0105 metod\u0105 leczenia objaw\u00f3w traumy i \u0142agodzenia chronicznego stresu. W dos\u0142ownym t\u0142umaczeniu oznacza do\u015bwiadczanie somatyczne. To metoda, w kt\u00f3rej cia\u0142o mo\u017ce sta\u0107 si\u0119 sprzymierze\u0144cem w procesie odzyskiwania zdrowia. \u0141\u0105czy prac\u0119 terapeutyczn\u0105 na poziomie fizjologicznym (cielesnym), emocjonalnym i poznawczym. Podej\u015bcie SE jest stosowane w leczeniu trudno\u015bci i zaburze\u0144 post-traumatycznych: od przypadkowych upadk\u00f3w i zranie\u0144, poprzez psychofizyczne nast\u0119pstwa wypadk\u00f3w samochodowych, inwazyjnych procedur medycznych, nieoczekiwanego ataku, czy traumy przemocy domowej, ran emocjonalnych i uraz\u00f3w psychicznych z wczesnego dzieci\u0144stwa, a\u017c do leczenia prze\u017cy\u0107 wojennych i nast\u0119pstw katastrof naturalnych. Metod\u0119 SE stosuje si\u0119 tak\u017ce w terapii traumy okresu rozwojowego, w leczeniu uraz\u00f3w psychicznych i emocjonalnych, w tym urazu bycia \u015bwiadkiem zdarze\u0144 traumatycznych. SE ma r\u00f3wnie\u017c zastosowanie w leczeniu p\u00f3\u017anych nast\u0119pstw traumy, wyra\u017caj\u0105cych si\u0119 na przyk\u0142ad w przewlek\u0142ych zaburzeniach typu: chroniczne zm\u0119czenie, przewlek\u0142a depresja, uog\u00f3lniony b\u00f3l. SE odwo\u0142uje si\u0119 do naturalnych proces\u00f3w samonaprawczych w ciele, oferuje pot\u0119\u017cne i rozbudowane instrumentarium lecznicze. Czyli wyja\u015bnia, co si\u0119 dzieje w naszym ciele i w naszej psychice, gdy doznajemy traumy. Pokazuje te\u017c, jak m\u0105dro\u015b\u0107 cia\u0142a pomaga ow\u0105 traum\u0119 przezwyci\u0119\u017cy\u0107. <\/span><\/p><p>Wi\u0119cej o metodzie: <a href=\"https:\/\/psse.net.pl\/zasoby\/o-metodzie-somatic-experiencing\" target=\"_blank\" rel=\"noopener\">Somatic-Experiencing<\/a><\/p>\t\t\t\t\t\t\t\t<\/div>\n\t\t\t\t<\/div>\n\t\t\t\t\t<\/div>\n\t\t\t\t<\/div>\n\t\t<div class=\"elementor-element elementor-element-40f8d81 e-flex e-con-boxed e-con e-parent\" data-id=\"40f8d81\" data-element_type=\"container\">\n\t\t\t\t\t<div class=\"e-con-inner\">\n\t\t<div class=\"elementor-element elementor-element-7562a81 e-con-full e-flex e-con e-child\" data-id=\"7562a81\" data-element_type=\"container\">\n\t\t\t\t<div class=\"elementor-element elementor-element-5f742dd elementor-widget elementor-widget-text-editor\" data-id=\"5f742dd\" data-element_type=\"widget\" data-widget_type=\"text-editor.default\">\n\t\t\t\t\t\t\t\t\t<h4 dir=\"ltr\">SOMA EMBODIMENT\u00ae<\/h4><p><strong>Dwuletni kurs SOMA-Embodiment\u00ae w Szkole Terapii Psychosomatycznej<\/strong><br \/><strong>Certyfikat Nr. PL 023\/2020<\/strong><br \/><strong>Nauczyciele : dr Sonia Gomes, Marcelo Muniz Soma<\/strong><\/p><p>Embodiment\u00ae (uciele\u015bnienie) jest\u00a0rozszerzonym podej\u015bciem Somatic Experiencing, wed\u0142ug kt\u00f3rego, traumatyczne do\u015bwiadczenia mog\u0105 powodowa\u0107 blokady ujawniaj\u0105ce si\u0119 w ciele na wielu poziomach, tym samym redukuj\u0105c zdolno\u015b\u0107 organizmu do uciele\u015bnienia, orientacji, integracji i percepcji. Metoda Soma Embodiment wprowadza reorganizacj\u0119 zmys\u0142\u00f3w, uczy odczuwania poprzez receptory, pomaga odzyska\u0107 system percepcyjny, kt\u00f3ry tracimy w efekcie traum. W\u0142\u0105cza do terapii prac\u0119 z dotykiem i ruchem, a tak\u017ce uczy bycia uwa\u017cnym na siebie \u2013 bycia w\u0142a\u015bcicielem swojego cia\u0142a i zaufania swojemu cia\u0142u.<\/p>\t\t\t\t\t\t\t\t<\/div>\n\t\t\t\t<\/div>\n\t\t<div class=\"elementor-element elementor-element-965cc94 e-con-full e-flex e-con e-child\" data-id=\"965cc94\" data-element_type=\"container\">\n\t\t\t\t<div class=\"elementor-element elementor-element-0991a45 elementor-widget elementor-widget-text-editor\" data-id=\"0991a45\" data-element_type=\"widget\" data-widget_type=\"text-editor.default\">\n\t\t\t\t\t\t\t\t\t<h4>BODYNAMIC\u00ae<\/h4><p><strong>Czteroletni kurs w Szkole Terapii Psychosomatycznej<\/strong><br \/><strong>Certyfikat Nr. Jestem w trakcie certyfikacji<\/strong><br \/><strong>Nauczyciele :\u00a0Lisbeth Marcher, Ditte Marcher, Kaliopii Zorzou, Wolfgang Brandt<\/strong><\/p><p>Bodynamic \u2013 nurt psychoterapii somatycznej a zarazem kompleksowy model analizy dynamiki cia\u0142a \u2013 jest metod\u0105 skoncentrowanej na ciele psychoterapii i psychologii rozwojowej, kt\u00f3ra integruje wyniki bada\u0144 z takich dziedzin, jak psychomotoryka rozwojowa dziecka, psychoterapia kognitywna, psychoterapia g\u0142\u0119bi i nauki o m\u00f3zgu, oraz w spos\u00f3b szczeg\u00f3lny k\u0142adzie nacisk na jako\u015b\u0107 wi\u0119zi i na zdrowe relacje mi\u0119dzyludzkie.<\/p><p>Wi\u0119cej o metodzie: <a href=\"https:\/\/interp.pl\/bhttps:\/\/interp.pl\/bodynamic.html\" target=\"_blank\" rel=\"noopener\">Bodynamic<\/a><\/p>\t\t\t\t\t\t\t\t<\/div>\n\t\t\t\t<\/div>\n\t\t\t\t\t<\/div>\n\t\t\t\t<\/div>\n\t\t<div class=\"elementor-element elementor-element-583f298 e-flex e-con-boxed e-con e-parent\" data-id=\"583f298\" data-element_type=\"container\">\n\t\t\t\t\t<div class=\"e-con-inner\">\n\t\t<div class=\"elementor-element elementor-element-9e85641 e-con-full e-flex e-con e-child\" data-id=\"9e85641\" data-element_type=\"container\">\n\t\t\t\t<div class=\"elementor-element elementor-element-08f44d2 elementor-widget elementor-widget-text-editor\" data-id=\"08f44d2\" data-element_type=\"widget\" data-widget_type=\"text-editor.default\">\n\t\t\t\t\t\t\t\t\t<h4 dir=\"ltr\">EMOTIONAID\u00ae<\/h4><p><strong>Kurs zorganizowany przez Polskie Stowarzyszenie Somatic Experiencing<\/strong><br \/><strong>Certyfikat International Trauma-Healing Institute<\/strong><br \/><strong>Nauczycielki: dr Cathy Lawi, Maskit Gilan Shochat<\/strong><\/p><p>EmotionAid\u00ae to system narz\u0119dzi terapeutycznych opartych na metodzie Somatic Experiencing, kt\u00f3rych zadaniem jest pomoc w odzyskiwaniu r\u00f3wnowagi i zmniejszania skutk\u00f3w stresu w sytuacjach awaryjnych i codziennych. Narz\u0119dzia te zapewniaj\u0105 ca\u0142kowit\u0105 autonomi\u0119 i s\u0105 wynikiem najbardziej zaawansowanych bada\u0144 w dziedzinie neurofizjologii. EmotionAid\u00ae pozwala skutecznie budowa\u0107 i wzmacnia\u0107 odporno\u015b\u0107 (zdolno\u015b\u0107 do radzenia sobie), w pokonywaniu codziennych wyzwa\u0144 oraz roz\u0142adowywa\u0107 napi\u0119cie w sytuacjach kryzysowych i szczeg\u00f3lnie stresuj\u0105cych. Uczy samoregulacji oraz roz\u0142adowywania stresu nagromadzonego w ciele i uk\u0142adzie nerwowym. Chroni przed wt\u00f3rn\u0105 traum\u0105, urazem emocjonalnym, a tak\u017ce zapobiega wypaleniu zawodowemu.<\/p>\t\t\t\t\t\t\t\t<\/div>\n\t\t\t\t<\/div>\n\t\t<div class=\"elementor-element elementor-element-3c42c5f e-con-full e-flex e-con e-child\" data-id=\"3c42c5f\" data-element_type=\"container\">\n\t\t\t\t<div class=\"elementor-element elementor-element-78943a7 elementor-widget elementor-widget-text-editor\" data-id=\"78943a7\" data-element_type=\"widget\" data-widget_type=\"text-editor.default\">\n\t\t\t\t\t\t\t\t\t<h4>Pozosta\u0142e szkolenia:<\/h4><ul><li>Reorienting Birth &#8211; zaawansowany kurs reorientacji narodzin szko\u0142y Bodynamic &#8211;\u00a0Lisbeth Marcher\u00a0<\/li><li>Integral Somatic Psychology &#8211; modu\u0142 1, kurs pracy z emocjami i ich uciele\u015bnianiem &#8211; Raja Salvam<\/li><li>NeuroAffective Personality Development \u2013 zaawansowany roczny kurs z zakresu psychologii rozwojowej\u00a0 w uj\u0119ciu neuroafektywnym\u00a0&#8211; Marianne Bentzen<\/li><li>Warsztat rozwijaj\u0105cy: &#8222;Wstyd i poczucie winy. Dlaczego s\u0105 potrzebne i jak z nimi pracowa\u0107. Neuroafektywna perspektywa rozwojowa&#8221; &#8211; Marianne Bentzen<\/li><li>Szkolenie NEST &#8211; intensywny trening w udzielaniu pomocy terapeutycznej osobom z do\u015bwiadczeniem zaniedbania, przemocy i\/lub strat prokreacyjnych<\/li><li>Szkolenie: \u201eTrauma transgeneracyjna \u2013 echa przesz\u0142o\u015bci a poszukiwanie swojego Ja\u201d\u2013 Heike Gattnar<\/li><li>Warsztat rozwijaj\u0105cy: Praca z traum\u0105 rozwojow\u0105 i emocjami zatrzymanymi w strukturach cia\u0142a \u2013 3 poziomy \u2013 Yuri Zelez\u00a0<\/li><li>Kinezjologia &#8211; szkolenia: Dotyk dla zdrowia (Touch for Health\u00ae) 4 stopnie, Holograficzny Dotyk dla zdrowia, Metoda R.E.S.E.T., Kinergetica \u2013 zdejmowanie stresu<\/li><li dir=\"ltr\">Studia podyplomowe Psychodietetyka &#8211;\u00a0 Uniwersytet SWPS w Poznaniu<\/li><\/ul><div dir=\"ltr\">\u00a0<\/div>\t\t\t\t\t\t\t\t<\/div>\n\t\t\t\t<\/div>\n\t\t\t\t\t<\/div>\n\t\t\t\t<\/div>\n\t\t\t\t<\/div>\n\t\t","protected":false},"excerpt":{"rendered":"<p>Terapia Traumy Trauma mo\u017ce by\u0107 rozumiana jako wszystko to, co ma trwa\u0142y negatywny wp\u0142yw (\u015bwiadomy lub nie\u015bwiadomy), na nasz umys\u0142 lub cia\u0142o. Korzenie traumy czasem si\u0119gaj\u0105 bardzo g\u0142\u0119boko. Niestety nie [&hellip;]<\/p>\n","protected":false},"author":1,"featured_media":0,"parent":0,"menu_order":0,"comment_status":"closed","ping_status":"closed","template":"","meta":{"footnotes":""},"class_list":["post-44","page","type-page","status-publish","hentry"],"_links":{"self":[{"href":"http:\/\/emocjetraumacialo.pl\/index.php\/wp-json\/wp\/v2\/pages\/44","targetHints":{"allow":["GET"]}}],"collection":[{"href":"http:\/\/emocjetraumacialo.pl\/index.php\/wp-json\/wp\/v2\/pages"}],"about":[{"href":"http:\/\/emocjetraumacialo.pl\/index.php\/wp-json\/wp\/v2\/types\/page"}],"author":[{"embeddable":true,"href":"http:\/\/emocjetraumacialo.pl\/index.php\/wp-json\/wp\/v2\/users\/1"}],"replies":[{"embeddable":true,"href":"http:\/\/emocjetraumacialo.pl\/index.php\/wp-json\/wp\/v2\/comments?post=44"}],"version-history":[{"count":4,"href":"http:\/\/emocjetraumacialo.pl\/index.php\/wp-json\/wp\/v2\/pages\/44\/revisions"}],"predecessor-version":[{"id":63,"href":"http:\/\/emocjetraumacialo.pl\/index.php\/wp-json\/wp\/v2\/pages\/44\/revisions\/63"}],"wp:attachment":[{"href":"http:\/\/emocjetraumacialo.pl\/index.php\/wp-json\/wp\/v2\/media?parent=44"}],"curies":[{"name":"wp","href":"https:\/\/api.w.org\/{rel}","templated":true}]}}